[INFO] cloning repository https://github.com/arturts/ProjectEuler-Rust
[INFO] running `Command { std: "git" "-c" "credential.helper=" "-c" "credential.helper=/workspace/cargo-home/bin/git-credential-null" "clone" "--bare" "https://github.com/arturts/ProjectEuler-Rust" "/workspace/cache/git-repos/https%3A%2F%2Fgithub.com%2Farturts%2FProjectEuler-Rust", kill_on_drop: false }`
[INFO] [stderr] Cloning into bare repository '/workspace/cache/git-repos/https%3A%2F%2Fgithub.com%2Farturts%2FProjectEuler-Rust'...
[INFO] running `Command { std: "git" "rev-parse" "HEAD", kill_on_drop: false }`
[INFO] [stdout] 0d6b5ae9979049d6258101fbe55eb91fefc7d39d
[INFO] checking arturts/ProjectEuler-Rust against master#cfbc6d4cf1acbac5c025acf8ed68929caa551df3 for pr-75494-beta
[INFO] running `Command { std: "git" "clone" "/workspace/cache/git-repos/https%3A%2F%2Fgithub.com%2Farturts%2FProjectEuler-Rust" "/workspace/builds/worker-3/source", kill_on_drop: false }`
[INFO] [stderr] Cloning into '/workspace/builds/worker-3/source'...
[INFO] [stderr] done.
[INFO] validating manifest of git repo https://github.com/arturts/ProjectEuler-Rust on toolchain cfbc6d4cf1acbac5c025acf8ed68929caa551df3
[INFO] running `Command { std: "/workspace/cargo-home/bin/cargo" "+cfbc6d4cf1acbac5c025acf8ed68929caa551df3" "read-manifest" "--manifest-path" "Cargo.toml", kill_on_drop: false }`
[INFO] started tweaking git repo https://github.com/arturts/ProjectEuler-Rust
[INFO] finished tweaking git repo https://github.com/arturts/ProjectEuler-Rust
[INFO] tweaked toml for git repo https://github.com/arturts/ProjectEuler-Rust written to /workspace/builds/worker-3/source/Cargo.toml
[INFO] crate git repo https://github.com/arturts/ProjectEuler-Rust already has a lockfile, it will not be regenerated
[INFO] running `Command { std: "/workspace/cargo-home/bin/cargo" "+cfbc6d4cf1acbac5c025acf8ed68929caa551df3" "fetch" "--locked" "--manifest-path" "Cargo.toml", kill_on_drop: false }`
[INFO] running `Command { std: "docker" "create" "-v" "/var/lib/crater-agent-workspace/builds/worker-3/target:/opt/rustwide/target:rw,Z" "-v" "/var/lib/crater-agent-workspace/builds/worker-3/source:/opt/rustwide/workdir:ro,Z" "-v" "/var/lib/crater-agent-workspace/cargo-home:/opt/rustwide/cargo-home:ro,Z" "-v" "/var/lib/crater-agent-workspace/rustup-home:/opt/rustwide/rustup-home:ro,Z" "-e" "SOURCE_DIR=/opt/rustwide/workdir" "-e" "CARGO_TARGET_DIR=/opt/rustwide/target" "-e" "CARGO_HOME=/opt/rustwide/cargo-home" "-e" "RUSTUP_HOME=/opt/rustwide/rustup-home" "-w" "/opt/rustwide/workdir" "-m" "1610612736" "--user" "0:0" "--network" "none" "rustops/crates-build-env@sha256:a636fd89d022f18117e1dc8fb37a0a009933cdbbe082814857f0e2024962d47c" "/opt/rustwide/cargo-home/bin/cargo" "+cfbc6d4cf1acbac5c025acf8ed68929caa551df3" "metadata" "--no-deps" "--format-version=1", kill_on_drop: false }`
[INFO] [stdout] 2da0af2eb28ddfe6e2df1bcdb3be705caa1fc301afe8f4714dfbe3f5033ce1b4
[INFO] [stderr] WARNING: Your kernel does not support swap limit capabilities or the cgroup is not mounted. Memory limited without swap.
[INFO] running `Command { std: "docker" "start" "-a" "2da0af2eb28ddfe6e2df1bcdb3be705caa1fc301afe8f4714dfbe3f5033ce1b4", kill_on_drop: false }`
[INFO] running `Command { std: "docker" "inspect" "2da0af2eb28ddfe6e2df1bcdb3be705caa1fc301afe8f4714dfbe3f5033ce1b4", kill_on_drop: false }`
[INFO] running `Command { std: "docker" "rm" "-f" "2da0af2eb28ddfe6e2df1bcdb3be705caa1fc301afe8f4714dfbe3f5033ce1b4", kill_on_drop: false }`
[INFO] [stdout] 2da0af2eb28ddfe6e2df1bcdb3be705caa1fc301afe8f4714dfbe3f5033ce1b4
[INFO] running `Command { std: "docker" "create" "-v" "/var/lib/crater-agent-workspace/builds/worker-3/target:/opt/rustwide/target:rw,Z" "-v" "/var/lib/crater-agent-workspace/builds/worker-3/source:/opt/rustwide/workdir:ro,Z" "-v" "/var/lib/crater-agent-workspace/cargo-home:/opt/rustwide/cargo-home:ro,Z" "-v" "/var/lib/crater-agent-workspace/rustup-home:/opt/rustwide/rustup-home:ro,Z" "-e" "SOURCE_DIR=/opt/rustwide/workdir" "-e" "CARGO_TARGET_DIR=/opt/rustwide/target" "-e" "CARGO_INCREMENTAL=0" "-e" "RUST_BACKTRACE=full" "-e" "RUSTFLAGS=--cap-lints=forbid" "-e" "CARGO_HOME=/opt/rustwide/cargo-home" "-e" "RUSTUP_HOME=/opt/rustwide/rustup-home" "-w" "/opt/rustwide/workdir" "-m" "1610612736" "--user" "0:0" "--network" "none" "rustops/crates-build-env@sha256:a636fd89d022f18117e1dc8fb37a0a009933cdbbe082814857f0e2024962d47c" "/opt/rustwide/cargo-home/bin/cargo" "+cfbc6d4cf1acbac5c025acf8ed68929caa551df3" "check" "--frozen" "--all" "--all-targets" "--message-format=json", kill_on_drop: false }`
[INFO] [stderr] WARNING: Your kernel does not support swap limit capabilities or the cgroup is not mounted. Memory limited without swap.
[INFO] [stdout] 4b7d9aa3ab856d1aa1ed7992ae1c7a2dc35cd4246ff9fedbcf070afa35fb2ff9
[INFO] running `Command { std: "docker" "start" "-a" "4b7d9aa3ab856d1aa1ed7992ae1c7a2dc35cd4246ff9fedbcf070afa35fb2ff9", kill_on_drop: false }`
[INFO] [stderr]     Checking project_euler v0.1.0 (/opt/rustwide/workdir)
[INFO] [stdout] error[E0554]: `#![feature]` may not be used on the beta release channel
[INFO] [stdout]  --> src/lib.rs:1:1
[INFO] [stdout]   |
[INFO] [stdout] 1 | #![feature(step_by)]
[INFO] [stdout]   | ^^^^^^^^^^^^^^^^^^^^
[INFO] [stdout] 
[INFO] [stdout] 
[INFO] [stdout] error[E0554]: `#![feature]` may not be used on the beta release channel
[INFO] [stdout]  --> src/lib.rs:1:1
[INFO] [stdout]   |
[INFO] [stdout] 1 | #![feature(step_by)]
[INFO] [stdout]   | ^^^^^^^^^^^^^^^^^^^^
[INFO] [stdout] 
[INFO] [stdout] 
[INFO] [stdout] error[E0600]: cannot apply unary operator `-` to type `usize`
[INFO] [stdout]  --> src/problem_4/mod.rs:4:36
[INFO] [stdout]   |
[INFO] [stdout] 4 |     for num_a in (999..99).step_by(-1) {
[INFO] [stdout]   |                                    ^^ cannot apply unary operator `-`
[INFO] [stdout]   |
[INFO] [stdout]   = note: unsigned values cannot be negated
[INFO] [stdout] 
[INFO] [stdout] 
[INFO] [stdout] error[E0600]: cannot apply unary operator `-` to type `usize`
[INFO] [stdout]  --> src/problem_4/mod.rs:4:36
[INFO] [stdout]   |
[INFO] [stdout] 4 |     for num_a in (999..99).step_by(-1) {
[INFO] [stdout]   |                                    ^^ cannot apply unary operator `-`
[INFO] [stdout]   |
[INFO] [stdout]   = note: unsigned values cannot be negated
[INFO] [stdout] 
[INFO] [stdout] 
[INFO] [stdout] error[E0600]: cannot apply unary operator `-` to type `usize`
[INFO] [stdout]  --> src/problem_4/mod.rs:5:42
[INFO] [stdout]   |
[INFO] [stdout] 5 |         for num_b in (num_a..99).step_by(-1) {
[INFO] [stdout]   |                                          ^^ cannot apply unary operator `-`
[INFO] [stdout]   |
[INFO] [stdout]   = note: unsigned values cannot be negated
[INFO] [stdout] 
[INFO] [stdout] 
[INFO] [stdout] error[E0600]: cannot apply unary operator `-` to type `usize`
[INFO] [stdout]  --> src/problem_4/mod.rs:5:42
[INFO] [stdout]   |
[INFO] [stdout] 5 |         for num_b in (num_a..99).step_by(-1) {
[INFO] [stdout]   |                                          ^^ cannot apply unary operator `-`
[INFO] [stdout]   |
[INFO] [stdout]   = note: unsigned values cannot be negated
[INFO] [stdout] 
[INFO] [stdout] 
[INFO] [stdout] error: aborting due to 3 previous errors
[INFO] [stdout] 
[INFO] [stdout] 
[INFO] [stdout] Some errors have detailed explanations: E0554, E0600.
[INFO] [stdout] 
[INFO] [stdout] For more information about an error, try `rustc --explain E0554`.
[INFO] [stdout] 
[INFO] [stderr] error: could not compile `project_euler`.
[INFO] [stderr] 
[INFO] [stderr] To learn more, run the command again with --verbose.
[INFO] [stderr] warning: build failed, waiting for other jobs to finish...
[INFO] [stdout] error: aborting due to 3 previous errors
[INFO] [stdout] 
[INFO] [stdout] 
[INFO] [stdout] Some errors have detailed explanations: E0554, E0600.
[INFO] [stdout] 
[INFO] [stdout] For more information about an error, try `rustc --explain E0554`.
[INFO] [stdout] 
[INFO] [stderr] error: build failed
[INFO] running `Command { std: "docker" "inspect" "4b7d9aa3ab856d1aa1ed7992ae1c7a2dc35cd4246ff9fedbcf070afa35fb2ff9", kill_on_drop: false }`
[INFO] running `Command { std: "docker" "rm" "-f" "4b7d9aa3ab856d1aa1ed7992ae1c7a2dc35cd4246ff9fedbcf070afa35fb2ff9", kill_on_drop: false }`
[INFO] [stdout] 4b7d9aa3ab856d1aa1ed7992ae1c7a2dc35cd4246ff9fedbcf070afa35fb2ff9
